{"id":737,"date":"2014-03-07T22:12:32","date_gmt":"2014-03-07T22:12:32","guid":{"rendered":"http:\/\/staging.irontemplates.com\/wp-demos\/lush\/?page_id=737"},"modified":"2014-08-24T21:52:25","modified_gmt":"2014-08-24T20:52:25","slug":"past-events","status":"publish","type":"page","link":"https:\/\/www.lindadubois.com\/?page_id=737","title":{"rendered":"\u00e9v\u00e9nements pass\u00e9s"},"content":{"rendered":"","protected":false},"excerpt":{"rendered":"","protected":false},"author":2,"featured_media":0,"parent":7,"menu_order":2,"comment_status":"open","ping_status":"open","template":"archive-event.php","meta":[],"_links":{"self":[{"href":"https:\/\/www.lindadubois.com\/index.php?rest_route=\/wp\/v2\/pages\/737"}],"collection":[{"href":"https:\/\/www.lindadubois.com\/index.php?rest_route=\/wp\/v2\/pages"}],"about":[{"href":"https:\/\/www.lindadubois.com\/index.php?rest_route=\/wp\/v2\/types\/page"}],"author":[{"embeddable":true,"href":"https:\/\/www.lindadubois.com\/index.php?rest_route=\/wp\/v2\/users\/2"}],"replies":[{"embeddable":true,"href":"https:\/\/www.lindadubois.com\/index.php?rest_route=%2Fwp%2Fv2%2Fcomments&post=737"}],"version-history":[{"count":2,"href":"https:\/\/www.lindadubois.com\/index.php?rest_route=\/wp\/v2\/pages\/737\/revisions"}],"predecessor-version":[{"id":2147,"href":"https:\/\/www.lindadubois.com\/index.php?rest_route=\/wp\/v2\/pages\/737\/revisions\/2147"}],"up":[{"embeddable":true,"href":"https:\/\/www.lindadubois.com\/index.php?rest_route=\/wp\/v2\/pages\/7"}],"wp:attachment":[{"href":"https:\/\/www.lindadubois.com\/index.php?rest_route=%2Fwp%2Fv2%2Fmedia&parent=737"}],"curies":[{"name":"wp","href":"https:\/\/api.w.org\/{rel}","templated":true}]}}