{"id":304,"date":"2014-02-11T17:27:30","date_gmt":"2014-02-11T17:27:30","guid":{"rendered":"http:\/\/max.irontemplates.com\/?page_id=304"},"modified":"2025-03-04T20:51:32","modified_gmt":"2025-03-04T19:51:32","slug":"biography","status":"publish","type":"page","link":"http:\/\/www.lindadubois.com\/?page_id=304","title":{"rendered":"Biographie"},"content":{"rendered":"<div class=\"wpb_row vc_row-fluid  in_container\" style=\"\"  data-token=\"zyWOb\" data-randomid=\"par\">\n\t<div class=\"vc_col-sm-12 wpb_column column_container\">\n\t\t<div class=\"wpb_wrapper\">\n\t\t\t\n\t<div class=\"wpb_single_image wpb_content_element vc_align_center\">\n\t\t<div class=\"wpb_wrapper\">\n\t\t\t\n\t\t\t<img class=\" vc_box_border_grey \" src=\"http:\/\/www.lindadubois.com\/wp-content\/uploads\/2014\/09\/bio-860x440.jpg\" width=\"860\" height=\"440\" alt=\"Linda\" \/>\n\t\t<\/div> \n\t<\/div> \n\t\t<\/div> \n\t<\/div> \n<\/div><div class=\"wpb_row vc_row-fluid  in_container\" style=\"\"  data-token=\"XLujr\" data-randomid=\"tcv\">\n\t<div class=\"vc_col-sm-12 wpb_column column_container\">\n\t\t<div class=\"wpb_wrapper\">\n\t\t\t\n\t<div class=\"wpb_text_column wpb_content_element \">\n\t\t<div class=\"wpb_wrapper\">\n\t\t\t<h4 style=\"text-align: center;\"><span id=\"result_box\" class=\"short_text\" lang=\"fr\"><span class=\"hps\">Comment tout a commenc\u00e9<\/span><\/span>&#8230;<\/h4>\n\n\t\t<\/div> \n\t<\/div> \n\t\t<\/div> \n\t<\/div> \n<\/div><div class=\"wpb_row vc_row-fluid  in_container\" style=\"\"  data-token=\"THQvD\" data-randomid=\"lof\">\n\t<div class=\"vc_col-sm-6 wpb_column column_container\">\n\t\t<div class=\"wpb_wrapper\">\n\t\t\t\n\t<div class=\"wpb_text_column wpb_content_element \">\n\t\t<div class=\"wpb_wrapper\">\n\t\t\t<div dir=\"ltr\">\n<div>\n<div>\n<div><span style=\"color: #4d22b3;\">LINDA DUBOIS<\/span><\/div>\n<\/div>\n<\/div>\n<\/div>\n<div dir=\"ltr\">\n<div>\n<div>\n<div><\/div>\n<div><span style=\"color: #874efe;\">LA PLUS DR\u00d4MOISE DES QU\u00c9BECOISES<\/span><\/div>\n<div>\n<div>\n<div>\n<p>LINDA DUBOIS, auteure-compositeur-interpr\u00e8te, est n\u00e9e au Qu\u00e9bec et a grandi dans un univers musical \u00e9clectique ; c\u2019est tr\u00e8s jeune qu\u2019elle rencontre la sc\u00e8ne.<\/p>\n<\/div>\n<\/div>\n<p>Apr\u00e8s un triomphe \u00e0 l\u2019Olympia de Paris et au S\u00e9bastopol de Lille o\u00f9 elle a \u00e9t\u00e9 invit\u00e9e par le l\u00e9gendaire groupe britannique \u00ab The Rubettes \u00bb pour l\u2019ouverture de leurs spectacles et o\u00f9 elle a conquis et charm\u00e9 le public fran\u00e7ais, l\u2019aventure Europ\u00e9enne se poursuit avec son grand retour en France et la sortie de son single \u00ab\u00a0TOGETHER\u00a0\u00bb en 2020 en France et en Belgique (disponible sur toutes les plates-formes de t\u00e9l\u00e9chargement).\u00a0 En janvier 2020, elle a fait son retour sur la sc\u00e8ne fran\u00e7aise pour l&rsquo;inauguration de la salle PISTRIACUM \u00e0 Pr\u00e9ty en Bourgogne dont elle est officiellement la fi\u00e8re MARRAINE. Et ce n&rsquo;est que le d\u00e9but d&rsquo;une nouvelle et grande aventure.<\/p>\n<\/div>\n<\/div>\n<\/div>\n<\/div>\n<p>Artiste polyvalente, elle poss\u00e8de une formation vocale en classique et en pop et elle s\u2019est perfectionn\u00e9e au cours des ann\u00e9es en com\u00e9die musicale, danse et th\u00e9\u00e2tre. Tout au cours de sa carri\u00e8re elle a explor\u00e9 diff\u00e9rents styles musicaux tels que le jazz, le folk, l\u2019op\u00e9rette, la chanson fran\u00e7aise et qu\u00e9b\u00e9coise (ce qui lui a permis d\u2019\u00eatre artiste invit\u00e9e \u00e0 repr\u00e9senter le Qu\u00e9bec \u00e0 Dijon en 2001).<\/p>\n<p>A l&rsquo;\u00e9t\u00e9 2021, elle a \u00e9t\u00e9 choisie pour repr\u00e9senter sa r\u00e9gion d&rsquo;adoption et de c\u0153ur \u00ab\u00a0La Dr\u00f4me\u00a0\u00bb avec sa chanson TOGETHER pour les cartes postales sonores en collaboration avec les stations Total \u00c9nergie, podcasts distribu\u00e9s sur les plates-formes \u00e0 cet effet. (Spotify, Deezer, etc)<\/p>\n<p>Plus r\u00e9cemment c\u2019est \u00e0 guichet ferm\u00e9 qu\u2019elle se\u00a0produit au Louis XI \u00e0 Saillans en janvier dernier et apr\u00e8s une pause \u00ab\u00a0\u00e9criture\u00a0\u00bb et \u00ab\u00a0travail en coulisses\u00a0\u00bb elle revient sur le devant de la sc\u00e8ne avec sa tourn\u00e9e \u00ab\u00a0TOGETHER TOUR\u00a0\u00bb<\/p>\n<p>Artiste polyvalente, elle poss\u00e8de une formation vocale en classique et en pop et elle s\u2019est perfectionn\u00e9e au cours des ann\u00e9es en com\u00e9die musicale, danse et th\u00e9\u00e2tre. Tout au cours de sa carri\u00e8re elle a explor\u00e9 diff\u00e9rents styles musicaux tels que le jazz, le folk, l\u2019op\u00e9rette, la chanson fran\u00e7aise et qu\u00e9b\u00e9coise (ce qui lui a permis d\u2019\u00eatre artiste invit\u00e9e \u00e0 repr\u00e9senter le Qu\u00e9bec \u00e0 Dijon en 2001 et de se produire au Palais des Congr\u00e8s).<\/p>\n<p>Laur\u00e9ate du 1er prix du concours D\u00e9couvertes 2001 de Magog (cat\u00e9gorie interpr\u00e8te), elle a aussi tenu un premier r\u00f4le dans la revue musicale \u00ab One More Time, The Legends \u00bb (Capitole de Qu\u00e9bec).<\/p>\n\n\t\t<\/div> \n\t<\/div> \n\t\t<\/div> \n\t<\/div> \n\n\t<div class=\"vc_col-sm-6 wpb_column column_container\">\n\t\t<div class=\"wpb_wrapper\">\n\t\t\t\n\t<div class=\"wpb_text_column wpb_content_element \">\n\t\t<div class=\"wpb_wrapper\">\n\t\t\t<p>Mais, pendant plusieurs ann\u00e9es, c\u2019est dans le \u00ab blues \u00bb qu\u2019elle qualifie de \u00ab musique de l\u2019\u00e2me \u00bb qu\u2019elle trouve sa voie en performant sur les grandes sc\u00e8nes \u00e0 travers le Qu\u00e9bec dans les importants Festivals de Jazz de Montr\u00e9al et Rimouski et les nombreux festivals de blues comme chanteuse soliste du groupe Downtown Blues (Laur\u00e9at du concours \u00ab Sessions Blues de Montr\u00e9al \u00bb).<\/p>\n<p>Apr\u00e8s toutes ces ann\u00e9es d\u2019exploration comme interpr\u00e8te, elle trouve enfin son propre style, le Folk-Pop avec l&rsquo;\u00e9criture de ses compositions.<\/p>\n<p>C\u2019est avec LIVE ON que tout a d\u00e9but\u00e9. Cette chanson qui repr\u00e9sente bien sa philosophie, se veut un message d\u2019espoir et de pers\u00e9v\u00e9rance et nous dit qu\u2019il faut TOUJOURS croire en soi et ne jamais abandonner quoi qu\u2019il arrive : c\u2019est une berceuse pour l\u2019\u00e2me.<\/p>\n<p>C\u2019est avec cette chanson que 195 producteurs-internautes \u00e0 travers le monde ont cru en elle et qu\u2019elle est devenue la PREMIERE ARTISTE NORD-AMERICAINE produite sur un site participatif en l\u2019occurence, la compagnie de disque Belge AKAMUSIC.<\/p>\n<p>Son single \u00ab LIVE ON \u00bb a tourn\u00e9 \u00e0 travers la France et la Belgique o\u00f9 elle a aussi fait une tourn\u00e9e promotionnelle entre autres, \u00e0 Paris et Bruxelles et comme \u00ab artiste invit\u00e9e \u00bb \u00e0 Tournai, Belgique \u00e0 la F\u00eate de la musique. C&rsquo;est dans les merveilleux d\u00e9cors de la Californie \u00e0 Los Angeles et Malibu, qu&rsquo;a eu lieu le tournage de son vid\u00e9oclip.<\/p>\n<p>Avec sa voix chaude et sa grande sensibilit\u00e9 elle sait transmettre sa passion et faire vibrer les c\u0153urs.<\/p>\n<p>Peace &amp; Music!<\/p>\n\n\t\t<\/div> \n\t<\/div> \n\t\t<\/div> \n\t<\/div> \n<\/div>\n","protected":false},"excerpt":{"rendered":"Comment tout a commenc\u00e9... LINDA DUBOIS LA PLUS DR\u00d4MOISE DES QU\u00c9BECOISES LINDA DUBOIS, auteure-compositeur-interpr\u00e8te, est n\u00e9e au Qu\u00e9bec et a [...]","protected":false},"author":2,"featured_media":0,"parent":0,"menu_order":9,"comment_status":"open","ping_status":"open","template":"","meta":[],"_links":{"self":[{"href":"http:\/\/www.lindadubois.com\/index.php?rest_route=\/wp\/v2\/pages\/304"}],"collection":[{"href":"http:\/\/www.lindadubois.com\/index.php?rest_route=\/wp\/v2\/pages"}],"about":[{"href":"http:\/\/www.lindadubois.com\/index.php?rest_route=\/wp\/v2\/types\/page"}],"author":[{"embeddable":true,"href":"http:\/\/www.lindadubois.com\/index.php?rest_route=\/wp\/v2\/users\/2"}],"replies":[{"embeddable":true,"href":"http:\/\/www.lindadubois.com\/index.php?rest_route=%2Fwp%2Fv2%2Fcomments&post=304"}],"version-history":[{"count":13,"href":"http:\/\/www.lindadubois.com\/index.php?rest_route=\/wp\/v2\/pages\/304\/revisions"}],"predecessor-version":[{"id":2675,"href":"http:\/\/www.lindadubois.com\/index.php?rest_route=\/wp\/v2\/pages\/304\/revisions\/2675"}],"wp:attachment":[{"href":"http:\/\/www.lindadubois.com\/index.php?rest_route=%2Fwp%2Fv2%2Fmedia&parent=304"}],"curies":[{"name":"wp","href":"https:\/\/api.w.org\/{rel}","templated":true}]}}